0. Let u be t(v). Suppose q = -q + u. Is q composite?
False
Suppose 0 = -0*o - 6*o + 78. Let r = o - 9. Is r/(-8)*154*-1 prime?
False
Let k(b) = 3876*b**3 - b**2 + 11*b - 13. Is k(2) composite?
False
Let z(d) = d - 8. Let f be z(5). Is (19/2 + f)*22 a prime number?
False
Let w(m) = m - 5. Let r(z) = 6*z - 24. Let s(f) = 2*r(f) - 11*w(f). Let a be s(-6). Is (a + -224)/(4/(-8)) a prime number?
False
Let u = 13 + 0. Is (18 - u) + (-1 - -253) a composite number?
False
Let w(s) = -s**2 - 5*s + 48. Let j(x) = x + 1. Let a(i) = 5*j(i) + w(i). Let q(y) = y**2 + 5*y + 4. Let z be q(-4). Is a(z) a composite number?
False
Suppose u - 8735 = 3*r + 6959, -5*u - 2*r = -78436. Suppose -5*a - 3*a + u = 0. Is a composite?
True
Let s = 1572 - -1781. Is s composite?
True
Let v = -1857 - -2622. Suppose -5*a + 0*a = -v. Is 18495/a - 2/(-17) a prime number?
False
Let a = 23 + -18. Suppose -a*u + 630 = -655. Is u a composite number?
False
Is (-9 - 74121/(-6))/((-3)/(-6)) a composite number?
True
Suppose -7*g - 4*g = -182215. Is g composite?
True
Suppose 3*x + 4 = 16. Suppose 0 = -x*t - t + 1025. Let a = t - 119. Is a a prime number?
False
Suppose -3*l + 16849 = 4*k, -3*l + 5*k - 5598 = -4*l. Is l a composite number?
False
Is 398*68/(-10)*35/(-28) a composite number?
True
Let u(g) be the second derivative of 0 + 4*g + 1/6*g**4 + 17/6*g**3 - 7/2*g**2. Is u(-12) prime?
False
Let w be 978/(-66) - (-2)/(-11). Is (770/w)/(2/(-3)) a composite number?
True
Suppose -4*h + 6 = -3*k, -5*k + h = -0*h - 7. Suppose -k*u = -7*u + 15. Suppose 62 = u*g - g - 4*d, 3*g + d = 93. Is g prime?
True
Let d(n) = -64*n**3 + 16*n**2 - 4*n + 14. Is d(-6) composite?
True
Suppose -4*t - 4*j + 3 = -5*j, 0 = -2*t + j + 3. Suppose -3*n = -t*n + 66. Is (n/(-3))/(2/87) composite?
True
Let x(m) = 71*m**2 - 3*m - 7. Let q be x(-3). Let u = 510 + q. Is u a composite number?
False
Suppose -12*f + 8965 = -7*f. Is f prime?
False
Suppose 6*a + 27 = -51. Let g = 17 + a. Suppose -3*t + 2*t = g, -4*t = -3*b + 253. Is b a composite number?
False
Let c(z) be the first derivative of z**4/4 + 11*z**3/3 - 7*z**2/2 + 12*z - 3. Let b = 75 + -84. Is c(b) prime?
False
Let c(r) be the first derivative of r**5/15 - r**4/24 - r**3/6 - r**2 - 2. Let m(s) be the second derivative of c(s). Is m(-6) composite?
False
Suppose -17 = -4*v - 5. Suppose 0 = 3*o + 5*g + 19, 5*o - o + v*g + 7 = 0. Suppose 101 = o*z - 401. Is z prime?
True
Suppose -414960 - 360361 = -97*c. Is c composite?
False
Suppose 0 = 630*z - 639*z + 27711. Is z a prime number?
True
Suppose -4*q + 12 = o, -3*o - 3*q - 5 + 23 = 0. Suppose o*a + a - 1005 = 0. Is a a prime number?
False
Let p be 14110/(-8) + 33/44. Let s = p - -4342. Is s a composite number?
False
Let o(y) = -671*y**2 - y - 2. Let j = -2 + 1. Let r be o(j). Let b = r + 989. Is b composite?
False
Suppose 11*h = -5*s + 7*h + 9239, -4*s - 5*h = -7393. Is s prime?
True
Let n = -185 - -492. Is n a prime number?
True
Let n be 14/(-6)*(-2 - 4)*1. Suppose n*a - 2086 = 12*a. Is a composite?
True
Let o(z) = 4*z - 38. Let s be o(10). Let b(d) = 2 + 19*d**3 - 3 + d - 3*d**2 + 2*d. Is b(s) prime?
False
Let t(u) = 3 + 5 + u - 2 + 4. Let p be t(-10). Suppose 3*d + p*d = 2*k - 674, -678 = -2*k + 4*d. Is k a prime number?
True
Let s(t) = 1580*t**2 + 2069*t**2 + 1 - 1136*t**2 + t. Let f be s(-1). Suppose -933 = 4*j - f. Is j a prime number?
False
Let l(h) = h**2 + h + 6. Let t be l(0). Suppose c - t*c = -5*d - 40, 22 = -3*d + 2*c. Is -2*(-1)/(d/(-1257)) composite?
False
Suppose 4*x - 7 = 3*x. Suppose 4*d + 102 = x*d. Suppose 2*b = 120 + d. Is b composite?
True
Let z(b) = -b**3 + 6*b**2 + 2*b - 7. Let r be z(6). Let f(t) = 2 - 7 - 2 + r*t + 0. Is f(6) composite?
False
Suppose 4*a + 5*q + 4 = q, 4*a - 3*q = -11. Let f = -2 - a. Suppose f = -2*c + 3*c - 33. Is c prime?
False
Let m(j) be the third derivative of 31*j**5/60 + j**4/12 - j**3/6 - 26*j**2. Is m(2) a prime number?
True
Let m = 71336 + -49639. Is m a prime number?
False
Let s be (-2)/(1*(-3 + 1)). Let o(b) = 2*b + 12 + 225*b**3 + 9 - 22. Is o(s) a prime number?
False
Suppose 3*u - 49645 - 36456 = -2*v, -5*u + 5*v = -143460. Is u prime?
True
Let n(b) be the second derivative of 1235*b**4/12 - b**3/3 + b**2/2 - 3*b. Is n(1) a prime number?
False
Is 52/(-117) - 101397/(-27) prime?
False
Is (-26)/((-52)/21714) + -10 a prime number?
True
Let f(z) = -z**3 - 4*z**2 - z + 1. Let a(h) = -2*h**3 - 8*h**2 - 3*h + 2. Let r(u) = 3*a(u) - 5*f(u). Let b be r(-3). Is 898/(b + -2)*1 composite?
False
Let p(u) = u**3 + 16*u**2 + 10*u - 4. Let x be p(-13). Let c = x - 262. Is c prime?
False
Let w be (3/2)/(21/28). Is 769*1*(-2 - -4)/w prime?
True
Suppose 17 = -2*y + 5*n, 3*n = -4*y - 17 - 4. Let s be (y/4)/(18/(-48)). Suppose 3*t - 116 = -4*u, 0*t = -t + s. Is u prime?
False
Suppose 4*l - 19458 = -2*j, -3*j - l + 21451 + 7741 = 0. Is j prime?
False
Suppose -48*k + 67197 = -37107. Is k prime?
False
Suppose 18 + 37 = 5*f. Suppose 4 = 3*o - f. Suppose -17 = -s + o. Is s prime?
False
Let r = 24 + -22. Let l(f) = -f**3 + 21*f**2 + 13*f - 10. Let h(i) = -i**3 + 10*i**2 + 6*i - 5. Let o(b) = r*l(b) - 5*h(b). Is o(4) a prime number?
True
Let n be 4/(-6) - 450/(-27). Suppose 0*u + 4*u = -3*t + n, u - t - 4 = 0. Suppose -100 = m + 4*z - 315, 3*z = u*m - 803. Is m composite?
True
Let f(z) = -569*z + 103. Is f(-11) a composite number?
True
Let m(d) = 4*d**3 - 7*d**2 + 12*d - 212. Is m(17) prime?
False
Suppose -p + c - 27 = 0, 4*p + 0*p = -2*c - 90. Let u = p - -21. Let w(n) = 26*n**2 + 5*n + 4. Is w(u) prime?
True
Suppose -7*j + 5 = -30. Is 2/8 + ((-238575)/(-20))/j prime?
False
Let d(x) = 17*x**2 - 18*x + 58. Is d(21) a prime number?
True
Let v(k) = -4*k + 20. Let y be v(10). Let c be (0/y)/(-3 + 1). Suppose 0*w + 4*w - 1492 = c. Is w prime?
True
Let a(v) = 368*v**2 + 23. Is a(4) composite?
True
Suppose -2*k = 5*d - 29, -2*k - 3*k - 4*d + 30 = 0. Suppose 6*j - j - f - 119 = 0, k*j - 45 = 3*f. Is 12114/j - (-1)/4 composite?
True
Let l(j) = 361*j**2 + j - 1. Is l(3) a composite number?
False
Suppose -4 = 19*x - 18*x, 3*c - 15441 = 3*x. Is c a prime number?
False
Let k = 8 + -7. Let q be ((-10704)/(-20))/(3/15). Is k/((4/q)/1) composite?
True
Let u(l) = -3*l**3 - l**2 + 1. Let o be u(-1). Suppose 3*f = 5*m + 583, f = -o*f - 4*m + 756. Is f prime?
True
Suppose -30*p + 3777 = -27393. Is p composite?
False
Suppose 0 = o - 5*a - 724, -2*o - 3*o + 3548 = -a. Is o prime?
True
Let k(t) = -96 + 38 - 52*t + 46. Let m be k(15). Is (-8)/40 + m/(-10) composite?
False
Let n be 56/12*(-2 - 5/2). Is (-7)/(n/6) - -441 prime?
True
Let m = 5 + -3. Let z be m*6*2/6. Suppose 2*u - 34 = -4*b + 8*b, 0 = z*u + b - 95. Is u a prime number?
True
Let h(o) = 1379*o + 488. Is h(55) prime?
True
Let l(o) = o - 8. Let g be -1*(2 - 4) + 3. Let y be l(g). Is 20020/30 + 1/y a prime number?
False
Suppose -21996 = -6*u + 9282. Is u prime?
False
Suppose 0 = 3*a - c - 1, 4*a - 3*a = -4*c + 22. Suppose -a*t = -1 - 7. Suppose 0 = t*y - 3*f + f - 470, 0 = y + 2*f - 125. Is y a prime number?
False
Suppose 0 = -2*h + 12. Suppose p = 3*p + h. Is -3 - -2 - -56 - p composite?
True
Suppose -469*p + 464*p = -36345. Is p a composite number?
True
Let h(k) = k + 9. Let w = -2 + 2. Let q be h(w). Suppose -3*n = q - 183. Is n prime?
False
Let w be ((-2)/(-4))/(1/6). Let p(b) = 80*b - 3. Is p(w) a prime number?
False
Let d(f) = 10*f + 14. Let w be d(9). Suppose 5*u = u - w. Is 10/(-65) - 914/u a composite number?
True
Let y(k) = k**3 + 10*k**2 - 16*k - 18. Let n be (-6)/(-9) - (-128)/(-12). Is y(n) a composite number?
True
Let x be 12*(36/16 - 1). Suppose -3*c + x + 0 = 0. Suppose -4*h = -2*i - 2*i + 108, -104 = -4*i + c*h. Is i composite?
False
Suppose 4*n - 6 = -0*v + 2*v, -n - 15 = 5*v. Is (2*(-10364)/8)/(3/v) a prime number?
True
Suppose -5*y = 25, -4*s + 12 = -5*y - 1. Let v be s/(-3) - 2 - -19. Is v/12*(-158)/(-3) prime?
True
Let d be (10/(-3))/(4/(-6)). Suppose d*c - c + 24 = 0. Let q(o) = o**3 + 5*o**2 - 7*o + 7. Is q(c) a composite number?
False
Suppose -44205 = -11*t - 4*t. Is t prime?
False
Let a(n) = -n**3 - 5*n**2 + 3*n - 16. Let h be a(-6). Suppose 0 = -2*b - d + 366, 5*b - 4*b + h*d = 177. Is b a prime number?
False
Suppose -4*j = 2*s - 1572, -s + 1179 = 3*j - 4*s. Suppose 4*f - j = 3*f. Is f a composite number?
True
Suppose 4*